mposite number?
False
Is 1906423 composite?
True
Is 29765803 composite?
True
Is 3106183 prime?
False
Is 28109 composite?
False
Is 206926003 prime?
False
Is 75112295 prime?
False
Is 701039483 composite?
False
Is 64944211 a prime number?
True
Is 18778681 composite?
False
Is 146917 a prime number?
True
Is 25472833 composite?
True
Is 37747 a composite number?
False
Is 10452551 prime?
True
Is 30630091 composite?
False
Is 263099021 a prime number?
False
Is 839539 a composite number?
False
Is 8004697 prime?
True
Is 7120741 a prime number?
True
Is 97603413 a prime number?
False
Is 985721 a prime number?
False
Is 1039711 composite?
True
Is 5933111 prime?
False
Is 20805847 a prime number?
False
Is 5721173 prime?
False
Is 11421682 a prime number?
False
Is 12202163 a prime number?
False
Is 5365837 a prime number?
True
Is 2170039 a prime number?
True
Is 4470251 a composite number?
False
Is 213981863 a composite number?
True
Is 51472207 prime?
True
Is 8435191 prime?
True
Is 1038777 a composite number?
True
Is 40024757 composite?
False
Is 36644851 a prime number?
True
Is 3139049 composite?
False
Is 2538281 prime?
True
Is 2215777 prime?
True
Is 11913479 a prime number?
True
Is 5588311 composite?
True
Is 12791413 a prime number?
True
Is 472999 a prime number?
False
Is 13420523 a prime number?
False
Is 137791 a composite number?
False
Is 103718423 composite?
False
Is 1326491 composite?
False
Is 26214379 a prime number?
True
Is 159839261 composite?
False
Is 761347 prime?
True
Is 155730583 a composite number?
False
Is 1257383 a composite number?
True
Is 9321527 composite?
True
Is 35471047 a composite number?
False
Is 22681223 composite?
True
Is 75567019 prime?
False
Is 2480059 prime?
False
Is 5310427 a prime number?
True
Is 43299007 a prime number?
False
Is 4471291 a composite number?
True
Is 4845241 a prime number?
True
Is 1759453 composite?
False
Is 7797479 a prime number?
False
Is 164310677 a composite number?
False
Is 1317032995 composite?
True
Is 6093263 a prime number?
False
Is 2178937 prime?
True
Is 50785829 composite?
False
Is 6712787 a prime number?
True
Is 42871121 prime?
True
Is 208692061 prime?
True
Is 1286111 prime?
False
Is 12953683 prime?
False
Is 529728107 a prime number?
True
Is 2772587 a prime number?
False
Is 1193081 composite?
False
Is 1283999 a prime number?
False
Is 104536517 a composite number?
False
Is 391081 prime?
False
Is 7051321 prime?
False
Is 1082839 prime?
False
Is 3591481 a composite number?
False
Is 1016597 a composite number?
False
Is 740154409 prime?
False
Is 35086763 a composite number?
False
Is 1006305371 composite?
True
Is 87988451 composite?
False
Is 63904541 composite?
True
Is 81337717 a prime number?
False
Is 32557181 composite?
False
Is 36956089 composite?
False
Is 8645731 a composite number?
True
Is 16603 a prime number?
True
Is 40490689 a prime number?
False
Is 132074741 prime?
True
Is 273131 prime?
True
Is 40987717 composite?
True
Is 31248221 composite?
False
Is 39600166 a composite number?
True
Is 508537 prime?
False
Is 4621277 a prime number?
True
Is 15287053 composite?
True
Is 1973233 composite?
False
Is 10876349 a composite number?
True
Is 342303173 composite?
False
Is 615031 a composite number?
False
Is 1459309 composite?
True
Is 8606927 composite?
True
Is 13817813 a composite number?
True
Is 326710997 composite?
True
Is 209082017 composite?
True
Is 278181403 a composite number?
True
Is 523189 a composite number?
True
Is 5770333 a prime number?
False
Is 311082221 prime?
True
Is 126390263 prime?
False
Is 2288491 a composite number?
True
Is 11138327 composite?
False
Is 41987227 prime?
True
Is 1559669 composite?
False
Is 7378031 a composite number?
True
Is 264073 a composite number?
True
Is 57559627 a composite number?
False
Is 120338353 a prime number?
True
Is 3947557 a composite number?
False
Is 213940933 prime?
True
Is 52721327 composite?
True
Is 472522 composite?
True
Is 2971985 composite?
True
Is 33102281 composite?
True
Is 1114243 prime?
False
Is 55356617 a composite number?
False
Is 23100953 a composite number?
False
Is 645937 a prime number?
True
Is 279781 a composite number?
True
Is 184934147 a prime number?
True
Is 112039205 a composite number?
True
Is 4972915 composite?
True
Is 3521549 prime?
False
Is 10035773 a prime number?
False
Is 4027411 composite?
True
Is 2764033 composite?
False
Is 1048919 composite?
False
Is 933250867 a composite number?
False
Is 569831 a prime number?
True
Is 442609 composite?
False
Is 12222319 prime?
True
Is 6752107 a composite number?
True
Is 21484565 a composite number?
True
Is 10198723 a prime number?
True
Is 1093793 composite?
True
Is 306301 a composite number?
False
Is 697649 a composite number?
True
Is 34929571 composite?
True
Is 1159278007 prime?
True
Is 8383333 a composite number?
True
Is 186215665 composite?
True
Is 10053257 prime?
False
Is 2275733 a prime number?
True
Is 28906547 a prime number?
False
Is 49112347 prime?
True
Is 69823333 prime?
True
Is 482493409 composite?
False
Is 38945 a prime number?
False
Is 8072621 a prime number?
True
Is 107062063 a composite number?
False
Is 11629447 prime?
True
Is 549529 composite?
True
Is 5232803 a prime number?
True
Is 187311147 prime?
False
Is 8923193 prime?
True
Is 395051 a prime number?
False
Is 1913147 a prime number?
True
Is 725293 prime?
True
Is 66637349 prime?
True
Is 5236811 composite?
False
Is 758987 prime?
True
Is 25936153 prime?
True
Is 302700401 a prime number?
False
Is 3360295 a prime number?
False
Is 33511861 prime?
True
Is 46381 prime?
True
Is 2163901 a composite number?
True
Is 1866119 prime?
False
Is 6763721 a prime number?
True
Is 5034557 prime?
False
Is 1008472301 composite?
False
Is 33857147 composite?
True
Is 625581887 a composite number?
True
Is 166341473 a composite number?
True
Is 137162327 prime?
True
Is 1409159 a composite number?
False
Is 1504057 a prime number?
True
Is 6674665 composite?
True
Is 300159043 a composite number?
False
Is 227474549 prime?
True
Is 1263817 composite?
False
Is 190063 a prime number?
True
Is 10509599 composite?
False
Is 172617359 composite?
False
Is 271163 prime?
True
Is 5085473 a composite number?
False
Is 4741109 a prime number?
False
Is 573259 a composite number?
True
Is 5614607 prime?
False
Is 525401 a composite number?
True
Is 12957073 a composite number?
True
Is 84893959 composite?
False
Is 4597489 a prime number?
False
Is 419966303 composite?
True
Is 6216599 a prime number?
True
Is 488234335 a prime number?
False
Is 180563 a composite number?
False
Is 9519043 a prime number?
True
Is 25908247 composite?
False
Is 15307451 prime?
True
Is 6409189 prime?
True
Is 19997699 composite?
False
Is 4699759 a composite number?
True
Is 969107 a composite number?
True
Is 3082139 composite?
False
Is 88957483 a prime number?
True
Is 269958233 composite?
False
Is 4295209 a prime number?
True
Is 71273203 a composite number?
False
Is 30003971 composite?
False
Is 943931657 prime?
False
Is 89197469 composite?
False
Is 967403 a composite number?
True
Is 5309533 a prime number?
True
Is 613863365 composite?
True
Is 1907077 a composite number?
True
Is 32573077 a prime number?
True
Is 233083049 prime?
False
Is 432776351 a composite number?
True
Is 1384457 composite?
True
Is 1276425869 composite?
False
Is 12145937 prime?
True
Is 4099661 a composite number?
False
Is 140702641 a prime number?
True
Is 93444661 prime?
True
Is 20799607 a composite number?
False
Is 242550263 prime?
True
Is 231539603 a prime number?
True
Is 27999091 a composite number?
True
Is 55093829 a prime number?
False
Is 146542049 composite?
False
Is 14281 prime?
True
Is 12410713 a composite number?
True
Is 9882311 composite?
True
Is 1723957 composite?
False
Is 108998251 composite?
False
Is 31360361 composite?
False
Is 1623017 prime?
False
Is 72783859 a composite number?
True
Is 2031557 a prime number?
False
Is 537888343 composite?
False
Is 9118853 composite?
False
Is 21479119 prime?
True
Is 31759414 a composite number?
True
Is 13541021 a composite number?
True
Is 13390607 a composite number?
False
Is 4621607 prime?
False
Is 108263009 a prime number?
True
Is 193824793 a prime number?
True
Is 37790611 prime?
False
Is 59666837 a composite number?
False
Is 16706171 a prime number?
True
Is 2163041 a composite number?
False
Is 3124